l = 11 - u. What are the prime factors of l?
2, 5
Let n = 80 + -48. What are the prime factors of n?
2
Let b = -39 - -98. What are the prime factors of b?
59
Let z(q) = -9*q - 2. Let m be z(-1). Let o = 3 + m. What are the prime factors of o?
2, 5
Let j = -15 - -83. What are the prime factors of j?
2, 17
Suppose -3*f - 31 = 4*a, 0 = 5*f - f + 2*a + 28. Let s = 7 + f. Suppose s*r = 3*o - 4*o + 5, o - 2*r = 17. What are the prime factors of o?
11
Let y(d) = d**2 + 3*d - 10. Let a be y(-7). Suppose -p + a = -1. List the prime factors of p.
19
Let s = 100 - 54. Let a = -26 + s. What are the prime factors of a?
2, 5
Let j(u) = -u**3 - 6*u**2 - 11*u - 1. What are the prime factors of j(-5)?
29
Let w = 42 - 20. What are the prime factors of w?
2, 11
Suppose -q + 3 = -0*q. Suppose -66 = q*o - o. Let b = -14 - o. List the prime factors of b.
19
Suppose 2*y + 4 = 2*t, 4*y - t + 4 = -1. Let k = 11 + y. What are the prime factors of k?
2, 5
Let x = 0 + 1. Suppose -3*d + x = -44. What are the prime factors of d?
3, 5
Let q be ((-8)/(-10))/(14/(-35)). Let t = 6 + q. What are the prime factors of t?
2
Suppose 0 = 5*z - 2*t + 25, -2*z + 4*t - 3 = 23. Let h be -2*(-9)/(-2)*1. What are the prime factors of 15*z/h*2?
2, 5
Suppose 0 = r + 5*c - 17, 4*r + 5*c = 29 - 6. Suppose 0 = r*j + 2*j - 108. What are the prime factors of j?
3
Let s(i) = i**2 + 2*i + 4. Let q be s(-2). Suppose -64 = 2*f - q*f. What are the prime factors of f?
2
Let v(g) = -3*g**2 - 4*g + 3. Let h(p) = 2*p**2 + 2*p - 1. Let x(q) = 5*h(q) + 3*v(q). What are the prime factors of x(4)?
2, 3
Let r(d) = -2*d**3 + 2*d**2 + 2*d + 3. Let w be r(-2). Let b = 44 - w. Suppose -j - b = -4*j. List the prime factors of j.
7
What are the prime factors of (-2)/(1 - (-85)/(-83))?
83
Let m = 992 - 639. List the prime factors of m.
353
Let f be (-72)/(-7) - 12/42. List the prime factors of f/4 - (-1)/(-2).
2
Suppose -3*u + 20 = 2*u. Suppose -6 = -2*v + u, 0 = -5*s - 4*v + 125. What are the prime factors of s?
3, 7
Let q = -6 - -8. What are the prime factors of q?
2
Suppose 4*i = -i. Suppose i*u + 26 = u. List the prime factors of u.
2, 13
Suppose 3*h + 1 = 58. Suppose -4*g = h + 9. Let l = 9 + g. List the prime factors of l.
2
Let g(w) = w**3 + 6*w**2 - 3*w - 3. What are the prime factors of g(-6)?
3, 5
Suppose 0 = -12*w + 16*w - 280. What are the prime factors of w?
2, 5, 7
Suppose -3*z + 431 = -532. List the prime factors of z.
3, 107
Suppose -6*s = -s + l - 11, -4*l - 2 = -3*s. Suppose -54 = -3*z - 4*b, s*z + 4*b - 36 = 5*b. List the prime factors of z.
2, 3
Suppose -3*o - 57 = 4*l - 7*l, -18 = -2*l - 3*o. Let v be ((-4)/(-6))/(10/l). Let q(z) = 18*z + 1. What are the prime factors of q(v)?
19
Let j be (-6)/33 + 60/(-33). Let t be (-2)/(-4)*(j - 2). What are the prime factors of (t/6)/((-1)/18)?
2, 3
Let d(g) = g**3 - 15*g**2 + 15*g + 19. What are the prime factors of d(14)?
3, 11
Suppose 0 = 8*w + 55 - 431. What are the prime factors of w?
47
Let q(k) = k**2 - 10*k + 24. List the prime factors of q(13).
3, 7
Suppose -2 = t, -4*o + 4*t + 220 = -0*o. What are the prime factors of o?
53
Let f(d) = -d**3 - 7*d**2 + 6*d - 4. Let k = -5 + -3. Let i be f(k). Suppose 2*c = 4*h - 6*h + i, 0 = -2*h - 4. List the prime factors of c.
2
Let t(w) be the third derivative of w**6/120 - w**4/24 - 2*w**3/3 - w**2. Let j be t(0). What are the prime factors of j/6*3*-6?
2, 3
Suppose -10*i + 2035 = i. List the prime factors of i.
5, 37
Suppose -5*l = -3*m - 34, -4*m + 4*l = 32 + 24. Let h = m - -30. List the prime factors of h.
2, 3
Suppose -5*l = -2*f - 2*l + 37, -69 = -4*f + l. What are the prime factors of f?
17
Let o(a) = -21*a - 9. Let h(m) = -7*m - 3. Let s(d) = -17*h(d) + 6*o(d). What are the prime factors of s(-5)?
2
Suppose 0 = -7*a + 4*a + 9. Let v be (-4)/8 - (-162)/4. Suppose v = 2*r + a*r. What are the prime factors of r?
2
List the prime factors of (-407)/(-5) + (-3)/(-5).
2, 41
Let b(o) = -o**3 - 8*o**2 - 9*o. List the prime factors of b(-8).
2, 3
Let a(d) be the third derivative of -d**4/12 - 2*d**3/3 - 3*d**2. Let c be a(-4). What are the prime factors of c*(-1 - (-33)/12)?
7
Let x(z) = z**3 + 10*z**2 - 13*z + 13. What are the prime factors of x(-11)?
5, 7
List the prime factors of (1 - (-38)/(-8))*(-39 - -11).
3, 5, 7
What are the prime factors of (-5)/1*1 + 99?
2, 47
Suppose -118 + 346 = 4*n. List the prime factors of n.
3, 19
List the prime factors of 1 - (-18 + 0 + 0).
19
Let c = 3 - 0. Suppose -u + c*u - 72 = 0. List the prime factors of u.
2, 3
Suppose -3*x - 2*x = -70. Suppose 4*n - 22 = x. List the prime factors of n.
3
Let t be (-2 - -2)/1 + -7. Let n = t - -37. List the prime factors of n.
2, 3, 5
Suppose -3*p - 6*m + 2*m + 57 = 0, p - 2*m = 9. Let z = 27 - p. Suppose -2*g = g - z. What are the prime factors of g?
2
Let m be (-6)/(-9)*(-9)/6. Let w = m - -3. List the prime factors of w.
2
Suppose 2 = p - 4. Suppose -2*o + p*o = 52. What are the prime factors of o?
13
Suppose -2*h = -10*h + 752. What are the prime factors of h?
2, 47
Let z(b) = 2*b - 5. What are the prime factors of z(11)?
17
Let j(k) be the second derivative of 0 + 7/6*k**3 - 1/2*k**2 - k. What are the prime factors of j(1)?
2, 3
Let d = -2 + 1. Let s(u) = 9*u**2 - 2*u - 1. List the prime factors of s(d).
2, 5
Let l = 116 - 35. Suppose -z = -2*b + 54, -z = -3*b - 2*z + l. List the prime factors of b.
3
Let v(m) = 12*m**2 - 3*m - 4. List the prime factors of v(-2).
2, 5
Suppose -3*o = -4*a - 117, 3*a - 123 = 5*o - 307. What are the prime factors of o?
5, 7
Suppose 2*d - 30 = 2*m, 0 = -0*m - 3*m + 3. What are the prime factors of d?
2
What are the prime factors of ((-119)/14)/((-2)/4)?
17
Suppose -2*r = -7*r + 235. What are the prime factors of r?
47
Suppose 0 = u - 23*u + 682. List the prime factors of u.
31
Let r be 4*1*(-15)/10. What are the prime factors of (-4 + 1)/(2/r)?
3
Suppose -2*z + 5*w = -0*w - 95, -4*z - 4*w + 120 = 0. What are the prime factors of z?
5, 7
Let j(q) = -8*q + 4. Let d(w) be the first derivative of 7*w**2/2 - 3*w + 1. Let b(o) = -6*d(o) - 5*j(o). List the prime factors of b(-5).
2
Let d(j) = 51*j. Let p = 10 + -9. List the prime factors of d(p).
3, 17
Let n(q) = 81*q**3 + 2*q - 2. What are the prime factors of n(1)?
3
Let h = -16 - -50. What are the prime factors of h?
2, 17
Suppose 7*j - 11*j = -300. List the prime factors of j.
3, 5
Let v(n) = 4*n - 8*n + 0*n + n - 3. Suppose 4*k - 4 = 3*b - k, 2*b = 4*k - 2. What are the prime factors of v(b)?
2, 3
Let b(h) = 56*h + 2. What are the prime factors of b(1)?
2, 29
Let w = 2 - 2. Let d(u) = u + u + w - 3*u + 6. What are the prime factors of d(-7)?
13
Suppose -3*q - 9 = -2*m, -4*m = 3*q + q - 48. Let f = m + -6. What are the prime factors of f?
3
Suppose -m - 5 = -14. What are the prime factors of 2*2/(12/m)?
3
Suppose -827 = -5*d - 277. What are the prime factors of d?
2, 5, 11
Let h be ((-8)/(-10))/((-2)/(-5)). Suppose 0 = h*c + 3 - 7. Suppose 0 - 1 = r - c*s, -4*r = -3*s - 6. List the prime factors of r.
3
Suppose 0*n + 3 = 5*k - 2*n, -n = -4*k. Let q be (-8)/10*20/4. What are the prime factors of ((-5)/(-4))/(k/q)?
5
What are the prime factors of (85/(-5))/(1/(-3))?
3, 17
Suppose -2*t = 2*t + 4*k - 96, 5*k = 3*t - 40. Suppose 2*a + 2*r = 20, -r = 3*a - 0*r - t. Suppose 0 = a*v - 20. List the prime factors of v.
2
List the prime factors of 85/2*(-10 + 12).
5, 17
Suppose 102 = 3*z - 0. List the prime factors of z.
2, 17
Suppose 0 = -4*l + 54 + 2. Suppose l = p - 0. Let q = p - 9. List the prime factors of q.
5
Let n(t) = 118*t - 2. List the prime factors of n(1).
2, 29
Suppose -u = -1 - 2. Suppose -75 - 24 = -3*i. Suppose -3*h + i + u = 0. List the prime factors of h.
2, 3
Let n(m) = -9*m**2 + m**3 + 3*m**2 - 1 + 2 - 5*m. What are the prime factors of n(7)?
3, 5
Suppose 2*q + 3*p - 589 = 0, 585 + 6 = 2*q + p. What are the prime factors of q?
2, 37
Let o be 0 + (-8)/4 + -11. Let w = o - -27. List the prime factors of w.
2, 7
Let n = -19 + 55. Suppose 5*c - c - n = 0. List the prime factors of c.
3
Let y = -147 - -222. Suppose 0*j + y = 5*j. What are the prime factors of j?
3, 5
Let r(n) = n**2 + 8*n + 11. Let o be r(-10). Suppose o = 3*u - 2*u. List the prime factors of u.
31
Let i(r) be the second derivative of r**4/12 - 2*r**3/3 - 3*r**2 + r. Let o be i(6)